[INFO] fetching crate tarantool-rs 0.0.2...
[INFO] checking tarantool-rs-0.0.2 against master#9610dfe5a9a731ced1ea4923ecbd0c57fe367898 for beta-170-4
[INFO] extracting crate tarantool-rs 0.0.2 into /workspace/builds/worker-4-tc1/source
[INFO] validating manifest of crates.io crate tarantool-rs 0.0.2 on toolchain 9610dfe5a9a731ced1ea4923ecbd0c57fe367898
[INFO] running `Command { std: CARGO_HOME="/workspace/cargo-home" RUSTUP_HOME="/workspace/rustup-home" "/workspace/cargo-home/bin/cargo" "+9610dfe5a9a731ced1ea4923ecbd0c57fe367898" "metadata" "--manifest-path" "Cargo.toml" "--no-deps", kill_on_drop: false }`
[INFO] started tweaking crates.io crate tarantool-rs 0.0.2
[INFO] removed 0 missing examples
[INFO] finished tweaking crates.io crate tarantool-rs 0.0.2
[INFO] tweaked toml for crates.io crate tarantool-rs 0.0.2 written to /workspace/builds/worker-4-tc1/source/Cargo.toml
[INFO] crate crates.io crate tarantool-rs 0.0.2 already has a lockfile, it will not be regenerated
[INFO] running `Command { std: CARGO_HOME="/workspace/cargo-home" RUSTUP_HOME="/workspace/rustup-home" "/workspace/cargo-home/bin/cargo" "+9610dfe5a9a731ced1ea4923ecbd0c57fe367898" "fetch" "--manifest-path" "Cargo.toml", kill_on_drop: false }`
[INFO] running `Command { std: "docker" "create" "-v" "/var/lib/crater-agent-workspace/builds/worker-4-tc1/target:/opt/rustwide/target:rw,Z" "-v" "/var/lib/crater-agent-workspace/builds/worker-4-tc1/source:/opt/rustwide/workdir:ro,Z" "-v" "/var/lib/crater-agent-workspace/cargo-home:/opt/rustwide/cargo-home:ro,Z" "-v" "/var/lib/crater-agent-workspace/rustup-home:/opt/rustwide/rustup-home:ro,Z" "-e" "SOURCE_DIR=/opt/rustwide/workdir" "-e" "CARGO_TARGET_DIR=/opt/rustwide/target" "-e" "CARGO_HOME=/opt/rustwide/cargo-home" "-e" "RUSTUP_HOME=/opt/rustwide/rustup-home" "-w" "/opt/rustwide/workdir" "-m" "1610612736" "--user" "0:0" "--network" "none" "ghcr.io/rust-lang/crates-build-env/linux@sha256:19e73879b68f455e41552ea35293514db52ea292d993f571636dbffedb77a1ee" "/opt/rustwide/cargo-home/bin/cargo" "+9610dfe5a9a731ced1ea4923ecbd0c57fe367898" "metadata" "--no-deps" "--format-version=1", kill_on_drop: false }`
[INFO] [stdout] 578bee6f22ca022dacb4dee92198d16be08536b1985e3c05937a615c074ae932
[INFO] running `Command { std: "docker" "start" "-a" "578bee6f22ca022dacb4dee92198d16be08536b1985e3c05937a615c074ae932", kill_on_drop: false }`
[INFO] running `Command { std: "docker" "inspect" "578bee6f22ca022dacb4dee92198d16be08536b1985e3c05937a615c074ae932", kill_on_drop: false }`
[INFO] running `Command { std: "docker" "rm" "-f" "578bee6f22ca022dacb4dee92198d16be08536b1985e3c05937a615c074ae932", kill_on_drop: false }`
[INFO] [stdout] 578bee6f22ca022dacb4dee92198d16be08536b1985e3c05937a615c074ae932
[INFO] running `Command { std: "docker" "create" "-v" "/var/lib/crater-agent-workspace/builds/worker-4-tc1/target:/opt/rustwide/target:rw,Z" "-v" "/var/lib/crater-agent-workspace/builds/worker-4-tc1/source:/opt/rustwide/workdir:ro,Z" "-v" "/var/lib/crater-agent-workspace/cargo-home:/opt/rustwide/cargo-home:ro,Z" "-v" "/var/lib/crater-agent-workspace/rustup-home:/opt/rustwide/rustup-home:ro,Z" "-e" "SOURCE_DIR=/opt/rustwide/workdir" "-e" "CARGO_TARGET_DIR=/opt/rustwide/target" "-e" "CARGO_INCREMENTAL=0" "-e" "RUST_BACKTRACE=full" "-e" "RUSTFLAGS=--cap-lints=forbid" "-e" "RUSTDOCFLAGS=--cap-lints=forbid" "-e" "CARGO_HOME=/opt/rustwide/cargo-home" "-e" "RUSTUP_HOME=/opt/rustwide/rustup-home" "-w" "/opt/rustwide/workdir" "-m" "1610612736" "--user" "0:0" "--network" "none" "ghcr.io/rust-lang/crates-build-env/linux@sha256:19e73879b68f455e41552ea35293514db52ea292d993f571636dbffedb77a1ee" "/opt/rustwide/cargo-home/bin/cargo" "+9610dfe5a9a731ced1ea4923ecbd0c57fe367898" "check" "--frozen" "--all" "--all-targets" "--message-format=json", kill_on_drop: false }`
[INFO] [stdout] 11cbacdf9d93a386b0aca7cb4df5f835180440307355337adfaf3fa261bfd9a9
[INFO] running `Command { std: "docker" "start" "-a" "11cbacdf9d93a386b0aca7cb4df5f835180440307355337adfaf3fa261bfd9a9", kill_on_drop: false }`
[INFO] [stderr]    Compiling proc-macro2 v1.0.57
[INFO] [stderr]    Compiling quote v1.0.27
[INFO] [stderr]    Compiling io-lifetimes v1.0.10
[INFO] [stderr]    Compiling rustix v0.37.19
[INFO] [stderr]    Compiling generic-array v0.14.7
[INFO] [stderr]     Checking linux-raw-sys v0.3.7
[INFO] [stderr]    Compiling serde v1.0.163
[INFO] [stderr]    Compiling paste v1.0.12
[INFO] [stderr]     Checking getrandom v0.2.9
[INFO] [stderr]     Checking utf8parse v0.2.1
[INFO] [stderr]     Checking futures-channel v0.3.28
[INFO] [stderr]     Checking parking_lot_core v0.9.7
[INFO] [stderr]     Checking rand_core v0.6.4
[INFO] [stderr]    Compiling tokio v1.28.1
[INFO] [stderr]    Compiling syn v1.0.109
[INFO] [stderr]     Checking rand_chacha v0.3.1
[INFO] [stderr]     Checking parking_lot v0.12.1
[INFO] [stderr]     Checking anstyle-parse v0.2.0
[INFO] [stderr]     Checking crypto-common v0.1.6
[INFO] [stderr]     Checking block-buffer v0.10.4
[INFO] [stderr]     Checking tracing-core v0.1.31
[INFO] [stderr]    Compiling syn v2.0.16
[INFO] [stderr]     Checking mio v0.8.6
[INFO] [stderr]     Checking anstyle-query v1.0.0
[INFO] [stderr]     Checking rmp v0.8.11
[INFO] [stderr]     Checking colorchoice v1.0.0
[INFO] [stderr]     Checking anstyle v1.0.0
[INFO] [stderr]     Checking regex-syntax v0.7.1
[INFO] [stderr]     Checking humantime v1.3.0
[INFO] [stderr]     Checking digest v0.10.6
[INFO] [stderr]     Checking rand v0.8.5
[INFO] [stderr]     Checking nibble_vec v0.1.0
[INFO] [stderr]     Checking dirs-sys-next v0.1.2
[INFO] [stderr]     Checking endian-type v0.1.2
[INFO] [stderr]     Checking clap_lex v0.4.1
[INFO] [stderr]     Checking sha-1 v0.10.1
[INFO] [stderr]     Checking radix_trie v0.2.1
[INFO] [stderr]     Checking nix v0.26.2
[INFO] [stderr]     Checking dirs-next v2.0.0
[INFO] [stderr]     Checking stable_deref_trait v1.2.0
[INFO] [stderr]     Checking maplit v1.0.2
[INFO] [stderr]     Checking backoff v0.4.0
[INFO] [stderr]     Checking is-terminal v0.4.7
[INFO] [stderr]     Checking fd-lock v3.0.12
[INFO] [stderr]     Checking anstream v0.3.2
[INFO] [stderr]     Checking clap_builder v4.2.7
[INFO] [stderr]     Checking rustyline v11.0.0
[INFO] [stderr]     Checking regex v1.8.1
[INFO] [stderr]     Checking env_logger v0.7.1
[INFO] [stderr]     Checking pretty_env_logger v0.4.0
[INFO] [stderr]    Compiling serde_derive v1.0.163
[INFO] [stderr]    Compiling futures-macro v0.3.28
[INFO] [stderr]    Compiling tokio-macros v2.1.0
[INFO] [stderr]    Compiling tracing-attributes v0.1.24
[INFO] [stderr]    Compiling thiserror-impl v1.0.40
[INFO] [stderr]    Compiling clap_derive v4.2.0
[INFO] [stderr]    Compiling async-trait v0.1.68
[INFO] [stderr]     Checking futures-util v0.3.28
[INFO] [stderr]     Checking thiserror v1.0.40
[INFO] [stderr]     Checking tracing v0.1.37
[INFO] [stderr]     Checking clap v4.2.7
[INFO] [stderr]    Compiling rental-impl v0.5.5
[INFO] [stderr]     Checking futures-executor v0.3.28
[INFO] [stderr]     Checking futures v0.3.28
[INFO] [stderr]     Checking tokio-util v0.7.8
[INFO] [stderr]     Checking serde_bytes v0.11.9
[INFO] [stderr]     Checking rmp-serde v1.1.1
[INFO] [stderr]     Checking serde_json v1.0.96
[INFO] [stderr]     Checking rmpv v1.0.0
[INFO] [stderr]     Checking tarantool-rs v0.0.2 (/opt/rustwide/workdir)
[INFO] [stderr]     Checking rental v0.5.6
[INFO] [stdout] error[E0433]: failed to resolve: use of undeclared crate or module `testcontainers`
[INFO] [stdout]  --> tests/common/mod.rs:2:5
[INFO] [stdout]   |
[INFO] [stdout] 2 | use testcontainers::{clients::Cli as DockerClient, Container};
[INFO] [stdout]   |     ^^^^^^^^^^^^^^ use of undeclared crate or module `testcontainers`
[INFO] [stdout]   |
[INFO] [stdout] help: there is a crate or module with a similar name
[INFO] [stdout]   |
[INFO] [stdout] 2 | use test_container::{clients::Cli as DockerClient, Container};
[INFO] [stdout]   |     ~~~~~~~~~~~~~~
[INFO] [stdout] 
[INFO] [stdout] 
[INFO] [stdout] error[E0433]: failed to resolve: use of undeclared crate or module `testcontainers`
[INFO] [stdout]  --> tests/common/image.rs:4:5
[INFO] [stdout]   |
[INFO] [stdout] 4 | use testcontainers::{core::WaitFor, Image, ImageArgs};
[INFO] [stdout]   |     ^^^^^^^^^^^^^^ use of undeclared crate or module `testcontainers`
[INFO] [stdout] 
[INFO] [stdout] 
[INFO] [stdout] error[E0432]: unresolved import `testcontainers`
[INFO] [stdout]  --> tests/common/mod.rs:2:5
[INFO] [stdout]   |
[INFO] [stdout] 2 | use testcontainers::{clients::Cli as DockerClient, Container};
[INFO] [stdout]   |     ^^^^^^^^^^^^^^ use of undeclared crate or module `testcontainers`
[INFO] [stdout]   |
[INFO] [stdout] help: there is a crate or module with a similar name
[INFO] [stdout]   |
[INFO] [stdout] 2 | use test_container::{clients::Cli as DockerClient, Container};
[INFO] [stdout]   |     ~~~~~~~~~~~~~~
[INFO] [stdout] 
[INFO] [stdout] 
[INFO] [stdout] error[E0432]: unresolved import `testcontainers`
[INFO] [stdout]  --> tests/common/image.rs:4:5
[INFO] [stdout]   |
[INFO] [stdout] 4 | use testcontainers::{core::WaitFor, Image, ImageArgs};
[INFO] [stdout]   |     ^^^^^^^^^^^^^^ use of undeclared crate or module `testcontainers`
[INFO] [stdout] 
[INFO] [stdout] 
[INFO] [stdout] error: aborting due to 4 previous errors
[INFO] [stdout] 
[INFO] [stdout] 
[INFO] [stdout] Some errors have detailed explanations: E0432, E0433.
[INFO] [stdout] 
[INFO] [stdout] For more information about an error, try `rustc --explain E0432`.
[INFO] [stdout] 
[INFO] [stderr] error: could not compile `tarantool-rs` (test "integration") due to 5 previous errors
[INFO] [stderr] warning: build failed, waiting for other jobs to finish...
[INFO] running `Command { std: "docker" "inspect" "11cbacdf9d93a386b0aca7cb4df5f835180440307355337adfaf3fa261bfd9a9", kill_on_drop: false }`
[INFO] running `Command { std: "docker" "rm" "-f" "11cbacdf9d93a386b0aca7cb4df5f835180440307355337adfaf3fa261bfd9a9", kill_on_drop: false }`
[INFO] [stdout] 11cbacdf9d93a386b0aca7cb4df5f835180440307355337adfaf3fa261bfd9a9
